s 11 - -100001100110101001100110?
100001100110101001101001
In base 5, what is 111022041 - -3411?
111031002
In base 12, what is 10218a23 - -4?
10218a27
In base 14, what is -19d68 - 3?
-19d6b
In base 14, what is -2c8a1cb7 - 5?
-2c8a1cbc
In base 11, what is -4 + -3231167?
-3231170
In base 10, what is -392630 + -72?
-392702
In base 6, what is -44013 + 303214?
215201
In base 3, what is -10222 + 1011100221011?
1011100210012
In base 2, what is -101101 - -111111110100001000?
111111110011011011
In base 12, what is 157b1bb6 - 14?
157b1ba2
In base 16, what is -39d06b - -6?
-39d065
In base 13, what is -5745 - -371?
-53a4
In base 16, what is 5 - 215f222?
-215f21d
In base 5, what is -4420433 - 1023000?
-10443433
In base 4, what is 101100101 + 302?
101101003
In base 10, what is -4 - 16103046?
-16103050
In base 7, what is -466244135 + 25?
-466244110
In base 15, what is 8b54a - bd?
8b47c
In base 5, what is 334423212 + -4001?
334414211
In base 6, what is 21521523 - -302?
21522225
In base 3, what is -10211 + -201000020?
-201011001
In base 8, what is 2441 + 73507?
76150
In base 10, what is 365 + -186697?
-186332
In base 3, what is 11 - -10110221111222020?
10110221111222101
In base 11, what is 14 + -30335a1?
-3033588
In base 14, what is 1ac6667 + 3?
1ac666a
In base 6, what is -5101 - -544502?
535401
In base 16, what is -5 + 63c1e8?
63c1e3
In base 7, what is -11 - -44544550?
44544536
In base 11, what is 4116 + -76?
4050
In base 7, what is 253462 + -302?
253160
In base 14, what is 0 - 129c65?
-129c65
In base 13, what is -130 - 106c94?
-1070c4
In base 4, what is -101022201 - 3323?
-101032130
In base 3, what is -21201121212 + 110021?
-21201011121
In base 7, what is -315616 - -12210?
-303406
In base 15, what is 53b97 - -103?
53c9a
In base 11, what is -41 + 247297a?
2472939
In base 4, what is -3 + -30212333020?
-30212333023
In base 10, what is 34562 - 284?
34278
In base 9, what is 11 - -3167080?
3167101
In base 11, what is -19a6 - -6664?
4769
In base 6, what is 301 - 24300541?
-24300240
In base 4, what is 22 + 1121103223?
1121103311
In base 11, what is 5 + -1111a436?
-1111a431
In base 3, what is 122201 - -22022200?
22222101
In base 8, what is 4 + 11503034?
11503040
In base 14, what is 6 - -3d0514?
3d051a
In base 14, what is -185 - -2266b?
224c6
In base 9, what is -2283183750 - -4?
-2283183745
In base 5, what is -30321042240 - -2?
-30321042233
In base 9, what is -4744 - -415?
-4328
In base 12, what is 155684b + 2?
1556851
In base 8, what is -64 - -3614507?
3614423
In base 5, what is 1 + 110311343014?
110311343020
In base 8, what is 21 + -1412072?
-1412051
In base 13, what is -1 + -9c4b5c?
-9c4b60
In base 10, what is 2 - -3251735?
3251737
In base 11, what is -1557022 + -35?
-1557057
In base 8, what is 3 + 1076471?
1076474
In base 4, what is -111221 + 10003210?
3231323
In base 7, what is -6023 - -3035?
-2655
In base 4, what is 1030 - 1001131032?
-1001130002
In base 8, what is 4 - -45132515?
45132521
In base 9, what is 4323342 + 8?
4323351
In base 15, what is 953d + -989?
8aa4
In base 5, what is -10142 + 101110202?
101100010
In base 12, what is 175 - 51963?
-517aa
In base 10, what is 300 + -19298?
-18998
In base 2, what is 1011101011111011000001 + -10000?
1011101011111010110001
In base 8, what is -1525061 - -5?
-1525054
In base 15, what is 1 + 192186?
192187
In base 11, what is 10a + 3a4679?
3a4788
In base 7, what is -1315 + 2631664?
2630346
In base 2, what is -11100111 - -1111100001101110010?
1111100001010001011
In base 12, what is -5335339 + 1?
-5335338
In base 4, what is -1223021 - -2103300?
220213
In base 6, what is -140 - -1110015?
1105435
In base 9, what is -13801678 - -2?
-13801676
In base 10, what is -10 + -34048?
-34058
In base 9, what is 6601 - 1400?
5201
In base 11, what is 62 - 5681?
-561a
In base 16, what is 1bdf0f + -2?
1bdf0d
In base 4, what is -301132 - 3001122?
-3302320
In base 4, what is 2303221 + -22323?
2220232
In base 3, what is -2112222111020 + -101201?
-2112222212221
In base 8, what is 1 - 2566627076?
-2566627075
In base 15, what is -32a729 + 0?
-32a729
In base 10, what is 393363 - 24?
393339
In base 6, what is 11 + -245520421?
-245520410
In base 11, what is -2 - -482513?
482511
In base 5, what is 222241411 + 13?
222241424
In base 2, what is -10010110001101111 - -1?
-10010110001101110
In base 3, what is -1122002 - 12001020?
-20200022
In base 2, what is -101000101111111000010010100 + -10?
-101000101111111000010010110
In base 12, what is -17b902 + 5b?
-17b863
In base 13, what is -18c + -1093c44?
-1094103
In base 7, what is -254523 - -313?
-254210
In base 7, what is 11 + 12324062?
12324103
In base 12, what is 31 + 10b760?
10b791
In base 5, what is -24 + -3023003312?
-3023003341
In base 15, what is -1d9 + -7e51?
-813a
In base 11, what is -435 + -88247?
-88681
In base 8, what is 17110545 - -14?
17110561
In base 6, what is -1 - 4003511?
-4003512
In base 5, what is 24 + 12222144?
12222223
In base 6, what is -1 + -21250501?
-21250502
In base 5, what is -440141434 + -101?
-440142040
In base 6, what is -3302320305 - -1?
-3302320304
In base 5, what is 41 - -1232142?
1232233
In base 2, what is -10100100000111 - 111000011?
-10101011001010
In base 15, what is 23b3c + -49?
23ae3
In base 14, what is -5 - -262945?
262940
In base 4, what is -10 - -31313201211003?
31313201210333
In base 16, what is 42802 + 1e2?
429e4
In base 15, what is 359ad + 277?
35c35
In base 2, what is 101 + -100010111100110011001001?
-100010111100110011000100
In base 8, what is -112 - -76065?
75753
In base 13, what is -4947b + 1746?
-47a35
In base 2, what is 100000110000 + 1011100111111101100?
1011101100000011100
In base 7, what is -245022015 - 20?
-245022035
In base 5, what is -142210333102 + -4?
-142210333111
In base 4, what is 2030202 - 223000?
1201202
In base 9, what is -20108 + 1482?
-17516
In base 11, what is -4779494 + 0?
-4779494
In base 11, what is 1 + -12516136?
-12516135
In base 10, what is 64 + 272997?
273061
In base 4, what is -100023 - 22002111?
-22102200
In base 2, what is -111010110111110 - -1101?
-111010110110001
In base 13, what is 90 - -c882a?
c88ba
In base 13, what is -15a5a5b0 - 0?
-15a5a5b0
In base 16, what is -1826 - -9f?
-1787
In base 13, what is -3b6b - 8897?
-c735
In base 15, what is -2083c1 - -7d?
-208343
In base 12, what is b4aab6a2 + 4?
b4aab6a6
In base 2, what is 111111010111110000101001110 + -101?
111111010111110000101001001
In base 6, what is -1032 - 1230551?
-1232023
In base 7, what is 4 - 201563265?
-201563261
In base 13, what is 2b - -c724bb?
c72519
In base 8, what is -436243 - 435?
-436700
In base 14, what is -795b - 3624?
-b181
In base 16, what is 560b0c + 8?
560b14
In base 12, what is -22513 - 61?
-22574
In base 12, what is 24b + -2a3559?
-2a330a
In base 13, what is 26 + -1613bb?
-161395
In base 16, what is 12b - -34d9?
3604
In base 14, what is c15 + 574cc?
58303
In base 11, what is -6844 - 207?
-6a50
In base 11, what is 10 - -11194494?
111944a4
In base 2, what is 1 - -101110111011101101011000?
101110111011101101011001
In base 7, what is -640503 + -4325?
-645131
In base 16, what is 36cde87 + -5?
36cde82
In base 4, what is -101103311202203 + 1?
-101103311202202
In base 5, what is -3313230 - 12432?
-3331212
In base 10, what is -200501612 + -2?
-200501614
In base 15, what is -2 + 54a9ac3?
54a9ac1
In base 4, what is -13112102 - 202120?
-13320222
In base 4, what is -3 - 1100113112023?
-1100113112032
In base 10, what is 53070 + 25982?
79052
In base 5, what is -1343301441 - -4?
-1343301432
In base 10, what is -197 + -151227?
-151424
In base 5, what is 244 + -2034310341?
-2034310042
In base 6, what is -2 + -4432040?
-4432042
In base 8, what is -1474 + -1340171?
-1341665
In base 12, what is 277 + -222?
55
In base 9, what is -28 - -6581663?
6581634
In base 6, what is -25014043522 + 5?
-25014043513
In base 3, what is -10010 + -20202122020?
-20202202100
In base 10, what is -130772 - 8?
-130780
In base 4, what is -122003322 + 32?
-122003230
In base 8, what is 5700346 - 25?
5700321
In base 3, what is -101000210222100 + -1?
-101000210222101
In base 12, what is 3b155 - -3?
3b158
In base 5, what is 130213232 - 34?
130213143
In base 12, what is 22 + 3b75a3?
3b7605
In base 6, what is 132 - -230343452?
230344024
In base 14, what is -1186077 - -23?
-1186054
In base 3, what is